e greatest common factor of 140 and b.
20
Suppose 0 = -735*z + 758*z - 5152. Calculate the highest common divisor of z and 217.
7
Suppose -1164*p + 1184*p - 291940 = 0. What is the greatest common divisor of p and 33?
11
Let f(w) = -4*w**2 - 2*w + 4. Let m be f(0). Suppose -118 = -3*y + 5*q, -2*y + 104 = 3*q - 0*q. Let j = y - 30. What is the greatest common divisor of m and j?
4
Let f(k) = -11*k + 136. Let w be f(6). Calculate the greatest common factor of 518 and w.
14
Suppose 0 = 10*z + 19*z - 22533. Suppose 0 = -9*a + z + 4074. Calculate the greatest common factor of 11 and a.
11
Suppose -7*m + 11*m - 168 = -2*q, 7*q = -m + 55. What is the highest common divisor of m and 164?
41
Suppose 5*w - 3*u = -7*u + 148, -u - 3 = 0. Let f(p) = 2*p**3 + 14*p**2 - 46*p - 10. Let b be f(-9). Calculate the highest common divisor of w and b.
16
Suppose -2*x - 181*x = 5*x - 39480. What is the highest common divisor of 370 and x?
10
Suppose -17388 = -177*c - 30*c. Suppose 2*m - m - 60 = 0. Calculate the greatest common divisor of c and m.
12
Suppose -29*r + 27*r = f - 166, 0 = -f - r + 160. Let a be 1/((-86)/44 - -2). What is the highest common factor of a and f?
22
Let d = -719 + 749. Suppose -2*w = -3*j - 56, d = -3*w + 4*j + 114. Let m = 59 + -31. What is the highest common divisor of w and m?
28
Let w = 757 - 743. Let q = 9 + 0. Let p be (q/3)/3*14. What is the greatest common factor of p and w?
14
Let s be 6/((-4)/(-2) - (-14 - -15)). Let j = 21 + s. Suppose -m + 12 + 23 = a, 0 = -m - 3*a + j. What is the highest common divisor of m and 26?
13
Suppose 4*n - 96 = -4*m, 5*m - 5*n - 50 = 20. Suppose m*x - 1180 = 530. What is the highest common divisor of x and 18?
18
Let p = 20444 - 20377. Calculate the highest common divisor of p and 2747.
67
Let c(a) = 69*a**2 + 152*a + 790. Let t be c(-5). Calculate the highest common divisor of 108 and t.
27
Let k = 29343 - 29080. What is the highest common factor of 1 and k?
1
Let c = -23321 + 41351. What is the greatest common factor of 10 and c?
10
Let n be -38 - (-4 + (-10)/(-5)). Let q be (-6222)/(-14) + 3 - n/63. Calculate the greatest common divisor of 64 and q.
64
Let b = -4108 - -5575. Calculate the greatest common factor of b and 36.
9
Let h be -60*(25/75*(-1 - 11) - -1). What is the highest common divisor of 1845 and h?
45
Let c(y) = y**2 - 14*y + 27. Let i be c(3). Let w be -3 - (42/i + -26). What is the highest common divisor of 90 and w?
30
Let x be 2/15 - 759/(-45). Let u(m) = 9*m + m**2 + 4*m - 11*m - 12. Let k be u(7). What is the greatest common divisor of x and k?
17
Suppose -3*n = -11*n + 3936. Let l = n - 339. What is the greatest common factor of 102 and l?
51
Let f be 165/198 - 12345/(-20)*(-2)/(-9). What is the highest common factor of 14076 and f?
138
Suppose f - w = -193 + 242, -250 = -5*f + 4*w. What is the greatest common divisor of f and 927?
9
Suppose 3597 - 4137 = -20*q. What is the greatest common divisor of 17361 and q?
27
Let k = 511 - 389. Suppose 3*y + 0*y - 5*l = k, 4*y = -5*l + 151. Calculate the highest common factor of y and 351.
39
Suppose 8*z = 466 + 494. Suppose 0 = -3*n - 4*y + 47, 3*n = -n - 4*y + 56. Let t(j) = 5*j - 21. Let k be t(n). Calculate the highest common divisor of z and k.
24
Suppose -s + 3*p - 29 = -2*p, -3*s + p - 31 = 0. Let d(b) = b**2 + 4*b - 21. Let n be d(-10). Let o = n + s. What is the greatest common divisor of o and 6?
6
Let t(w) = -35*w - 25. Let d be t(4). Let m be 0 + (6/8 - d/4). What is the highest common divisor of m and 98?
14
Let g be (-1 - (-2)/(-1)) + 114. Suppose -g + 55 = -k. Suppose -m + 8*m - k = 0. Calculate the highest common factor of m and 1.
1
Suppose v = -2*v. Let i be (-5 + 6 + v)/((-2)/26). Let o = i + 16. What is the greatest common divisor of 6 and o?
3
Let s(d) = 341*d + 241. Let m be s(2). Calculate the highest common divisor of 13 and m.
13
Suppose -41*a = -47*a - 4*b + 3774, 0 = -5*b + 30. What is the highest common factor of 75 and a?
25
Let i be 16/(-28) - (-184)/28. Suppose -92 - 34 = -i*m. What is the greatest common divisor of 21 and m?
21
Suppose -7*k + 185 = -2*k. Let t = -744 + 1151. Calculate the highest common divisor of t and k.
37
Let z = -172 + 200. Let g(a) = -a**2 + 24*a + 16. Let x be g(24). What is the highest common factor of z and x?
4
Let n be 55/(-330) + (3 - (-3367)/6). What is the greatest common factor of n and 12?
12
Let y(f) = -5*f + 25. Let p be (2*(-21)/(-28))/((-2)/4). Let a be y(p). What is the highest common divisor of 30 and a?
10
Let f(l) = 74*l**2 + 9*l - 71. Let j be f(9). What is the greatest common divisor of j and 38?
38
Let d = 8595 - 8231. What is the greatest common divisor of 7826 and d?
182
Let x(j) = -j**2 + 5*j - 3. Let p be x(-2). Let f be (-15)/(-3) - (5 + p). Suppose 12*c = 43 + f. What is the highest common divisor of c and 80?
5
Suppose 0 = -4*u - 20, -3*s + 4*u + 596 = -0*u. Let h be (10/42 + (-1)/(-3))/((-4)/(-448)). Calculate the highest common factor of s and h.
64
Suppose s + 23 = 4*p, 0*p - p + 14 = -3*s. Let m(u) = -102*u - 26. Let a be m(s). What is the highest common factor of a and 35?
35
Suppose -7 - 257 = -88*m. Let k be ((-3)/9)/(1/(-27)). Calculate the highest common factor of m and k.
3
Let g(q) = -5*q**2 - 6*q + 9. Let m be g(3). Let s = m + 67. Let f be ((-3)/2)/(3/(-52)). What is the greatest common divisor of s and f?
13
Let j = -23028 - -23045. Calculate the greatest common factor of 153 and j.
17
Let w be (-11279)/(-11) - (15 + 483/(-33)). What is the greatest common factor of w and 10?
5
Let w = -67 - -68. Let j be (w/(-8)*-44)/((-2)/(-12)). Calculate the greatest common factor of 11 and j.
11
Let y(o) = -4*o - 3. Let t be y(-7). Suppose -2*l - 3*l + 15 = 0. Let b = l + 2. Calculate the highest common divisor of b and t.
5
Let w be 36 + 10*18/(-30). Suppose 2*z = -3*z + 2400. Calculate the greatest common divisor of z and w.
30
Suppose 46*r - 54 = 45*r + 14. Calculate the greatest common divisor of 13838 and r.
34
Suppose -9826*a = -9848*a + 286. Let c be (-1 - 0/(-1)) + 14. What is the highest common divisor of a and c?
13
Let h be (90/(-5))/(12/(-40)). Calculate the highest common factor of h and 84.
12
Let s = 98 - 56. Suppose 0 = 82*x - 1863 - 398 - 35. What is the highest common divisor of s and x?
14
Suppose -463 - 332 = -5*r - 5*u, 0 = 2*r - u - 297. Calculate the greatest common divisor of 87400 and r.
152
Suppose 2*l = -5*t + 4208, -1505*t + 1502*t - l = -2524. Calculate the highest common factor of 1032 and t.
24
Let a = -5998 - -6058. Calculate the highest common factor of 1308 and a.
12
Let g be (-57)/(-12)*2/6*24. Let x = 146 - g. What is the greatest common divisor of x and 36?
36
Let m(d) = d**2 - 9*d + 20. Let w be m(7). Let n = 34 + -30. Suppose f - 6*f = -2*j - 48, 52 = n*f - 5*j. Calculate the greatest common divisor of w and f.
2
Let p = 59 - 56. Suppose -5*o + 2*b - 10 = 5*b, o = p*b - 2. Let r be 50/18 - 3/27*o. What is the greatest common divisor of 33 and r?
3
Let z = 8825 - 8815. What is the greatest common divisor of 18010 and z?
10
Let d(c) = -182*c + 634. Let w be d(2). What is the highest common divisor of 594 and w?
54
Suppose 181050 = 66*c + 76*c. Calculate the highest common divisor of 225 and c.
75
Suppose 0 = -306*i + 242505 + 70839. Calculate the greatest common divisor of i and 16.
16
Suppose 0 = 8*t - 5*t. Suppose t = -5*s - 16 + 136. Let z(w) = 28*w - 25. Let b be z(1). Calculate the greatest common divisor of b and s.
3
Let r be (-6)/(-10) - 1836/(-15). Suppose 20*x + r = 23*x. Suppose -24*t + 27*t = 1353. Calculate the highest common divisor of x and t.
41
Let g be (0 - 12/10) + 172/10. What is the highest common factor of g and 7312?
16
Let l be 109 + 2*1*(-12)/(-8). Let c(j) = 81*j**2 - 153*j - 154. Let t be c(-1). What is the highest common divisor of l and t?
16
Suppose -54 = -2*a - 48. Suppose 54 = -a*b + 9*b. Let j = -3 + b. What is the highest common divisor of j and 78?
6
Suppose 231*i = 283*i - 33748. Calculate the greatest common factor of i and 236.
59
Suppose -b + 3*s + 2766 = 0, -4*b - 3*s = 1921 - 12895. Calculate the highest common factor of b and 48.
12
Let v(g) = -1052*g - 1956. Let h be v(-2). Calculate the greatest common factor of h and 2738.
74
Suppose 0*m = -3*m - 4*h + 68, 0 = -3*m - 3*